- -2). What are the prime factors of ((-2)/3)/(j/30)?
5
Let y be (-1)/(-3) + 581/21. Suppose -2*c - c = -42. Let z = y + c. List the prime factors of z.
2, 3, 7
Suppose 0 = 5*i - 5*x - 3195, 3*x = -3*i - 369 + 2268. Suppose -5*s - s = -i. List the prime factors of s.
2, 53
What are the prime factors of 6 - (-2 + (3306/(-3) - -3))?
3, 41
Let n be 4/(-28) - 22/(-7). Let c be (3 + -1)*5 + n. Let y = c - 7. List the prime factors of y.
2, 3
What are the prime factors of (0 + 590)*(-56)/(-112)?
5, 59
Suppose 1 = -2*f - 25. Let r = 13 + f. Suppose 3*a = u + 130, r*a - 214 = -5*a - u. List the prime factors of a.
43
Suppose 4*t = 2*a + 4, a - 1 = -0*a + t. Suppose a*y - 106 = 30. Suppose y = -5*f + 3*g + 126, -36 = -f + 5*g. List the prime factors of f.
2
Let d(b) = -14*b**3 - 2*b + 6. Let u be d(3). Let j = 561 + u. Suppose 4*p - j = 85. List the prime factors of p.
67
Let p be 9/((-27)/(-372)) + -4. Let d = 210 - p. Suppose 0 = 5*l - 3*l - d. What are the prime factors of l?
3, 5
Suppose p = 4*a - 11494, -8620 = -3*a - 13*p + 14*p. What are the prime factors of a?
2, 3, 479
Let y(n) = 3*n + 14*n**2 + 9*n**2 + n - 21*n**2 + 16. List the prime factors of y(-8).
2, 7
Let g = -106 + 117. List the prime factors of g.
11
Suppose 0 = -6*v + 14*v + 1960. Let p = -119 - v. List the prime factors of p.
2, 3, 7
Let s = -416 - -1036. List the prime factors of s.
2, 5, 31
Let p(o) = 0*o + o + 5*o - 3*o - 2. What are the prime factors of p(12)?
2, 17
Let v(n) = -n**3 - 8*n**2. Let t be v(-8). Suppose -68 = -2*x + 2*r - t*r, 3*x - 4*r - 97 = 0. What are the prime factors of x?
3, 13
Let q(a) = a**2 - 10*a + 1. Let f be q(8). Let z(v) = 5*v - 20. Let o be z(5). List the prime factors of (-6)/f*o*11.
2, 11
Suppose 6*h + 20538 = 20*h. List the prime factors of h.
3, 163
Let j be (-12)/18 - (-14)/3. Suppose 3*w + w + j*b = 256, -5*w - b + 324 = 0. List the prime factors of w.
5, 13
Let n = -55 + 62. Suppose -3*m - n = -418. What are the prime factors of m?
137
What are the prime factors of (-10)/(10/(-2)) + 997?
3, 37
Let p(v) = 25*v - 34 + 23*v - 43*v + v**2. List the prime factors of p(-11).
2
Suppose -2*q - 10 = 0, -2*p = -2*q + 429 - 1145. What are the prime factors of p?
353
Suppose -4*f - 292*q + 11165 = -293*q, q = 5*f - 13956. What are the prime factors of f?
2791
Let p = 558 + -189. List the prime factors of p.
3, 41
Suppose -5*i + 0*i = 10, -3*i + 2234 = 4*g. What are the prime factors of g?
2, 5, 7
Suppose 5*j - 1195 = j - d, 4*d + 920 = 3*j. Suppose -11*h + j = -6*h. What are the prime factors of h?
2, 3, 5
What are the prime factors of (-16)/(-104) + -4 + 674/13?
2, 3
Let o = 151 + 2. Suppose -i + f - 91 = -4*i, 5*i = -3*f + o. List the prime factors of i.
2, 3, 5
Let k(h) = 494*h**2. Let p be k(1). Let j be p/7 - 36/(-84). Let o = j + -46. What are the prime factors of o?
5
Let b be (-6)/(-15) - (-897)/(-5). Let c = 106 + b. Let l = -36 - c. What are the prime factors of l?
37
Let v be 7*24 - (-3 + 3). Let q be ((-336)/3)/1 - 2. Let y = q + v. What are the prime factors of y?
2, 3
Suppose -20 - 44 = -2*q. Suppose 14*x + q = 18*x. Suppose -2*p = 2*p + x, -2*u + 4*p = -24. What are the prime factors of u?
2
Let b be (0 + 0/(-3))/1. Suppose -3*y - 257 = -698. Suppose -4*j + y - 3 = b. What are the prime factors of j?
2, 3
Let l = -27 - -31. Let m(c) = c**3 - 2*c**2 + 8*c - 3. Let v be m(l). Suppose 5*z = 441 - v. What are the prime factors of z?
2, 19
Suppose -5*q = -2*q - 87. What are the prime factors of 4*q*(-10)/(-20)?
2, 29
Suppose 3*m + 2*m + a - 57 = 0, -m + 5*a = -27. Suppose -7*g + 65 = -m*g. List the prime factors of (1 - -1 - 3)*g.
13
Suppose -q + 2*d - 4 = -0*q, -4*d + 4 = -3*q. Suppose -102 = -4*r + f, -q*r + 0*f + 114 = 5*f. What are the prime factors of r?
2, 13
Suppose 0 = 8*y - 793 - 671. List the prime factors of y.
3, 61
Let s(y) be the first derivative of -7*y**2 - 28*y + 25. What are the prime factors of s(-7)?
2, 5, 7
Suppose -2*x + 7 = 4*p - 23, 2*x + 5 = 3*p. Suppose -p*w + 2*w = -171. What are the prime factors of w?
3, 19
Let n = -313 + 495. Let f = -23 + n. What are the prime factors of f?
3, 53
Suppose 13228 = -12*p + 16*p - 2*v, 3*v + 12 = 0. List the prime factors of p.
5, 661
Suppose 0 = -b + 2*d - 6*d + 536, 0 = -4*b - d + 2159. List the prime factors of b.
2, 3, 5
Suppose -2*t + 1 = -3. What are the prime factors of 212/(-3)*(t + (-21)/6)?
2, 53
Suppose -l = 4*d + 51, -4*d - 5*l = -19 + 50. Let t be ((-4)/d)/((-2)/(-14)). Suppose m - t*m = -48. List the prime factors of m.
2, 3
Suppose 0 = -9*z + 1201 + 2264. What are the prime factors of z?
5, 7, 11
Let u(n) = n + 5*n**2 + n + n**2 - 3*n. List the prime factors of u(1).
5
Suppose -55*z + 29422 = -8*z. What are the prime factors of z?
2, 313
Let q(p) be the second derivative of 1/2*p**2 - 7*p + 0 + 1/12*p**4 + 7/4*p**5 - 1/3*p**3. What are the prime factors of q(1)?
5, 7
Let w(r) = -24*r - 11. Let v be w(10). Let i = v - -376. Suppose 0 = 5*d - j - 120 - 5, 3*j + i = 5*d. List the prime factors of d.
5
Let y be 13/(-3)*(-8 + 5). Let t(r) = -r**2 + 26*r - 45. List the prime factors of t(y).
2, 31
Let j(w) = -9*w**2 + 7*w + 11*w**2 - 4*w + 7*w + 12. List the prime factors of j(-9).
2, 3, 7
Let k(j) = 1 + 1 - j + 2. Let s be k(-3). Suppose -3*f + 23 = -s. List the prime factors of f.
2, 5
Suppose 14*v + 5*r + 23 = 18*v, 0 = 2*v + 3*r + 5. List the prime factors of v.
2
Suppose 6*q - 66 = v + q, 3*v - 4*q = -220. Let c = 46 + v. Let l = c + 59. What are the prime factors of l?
29
Let t = 9 + 25. Suppose y + y - t = 0. What are the prime factors of y?
17
Let z(m) = 6*m**2 - m + 4. Let t be 11/(-3) - 3/9. List the prime factors of z(t).
2, 13
Let o = -221 + 610. List the prime factors of o.
389
Suppose 3*m - 5*w - 16 = -3*w, 31 = 5*m + w. Suppose u + 125 = m*u. What are the prime factors of u?
5
Let c = 14 + -2. Let u = c - 39. Let r = 62 + u. What are the prime factors of r?
5, 7
Suppose -3*i + 19 = 2*c, -c + 5*i = 3*i + 1. What are the prime factors of c/((-165)/(-6)) - (-3195)/33?
97
Let y = -97 + 116. List the prime factors of y.
19
Let i(f) = 182*f**2 + 884*f - 884*f + 1. Let q be i(-1). Suppose -q - 384 = -7*h. List the prime factors of h.
3
Let q = 163 - -1136. List the prime factors of q.
3, 433
Suppose -4*h + 8 = -p - 2*p, -4*h = -8. List the prime factors of 4 + (166 - p/5).
2, 5, 17
Let f = 3 - 1. Suppose -f*b - 14 = -b. What are the prime factors of 2/2*(-448)/b?
2
Suppose -18 = -13*o + 47. What are the prime factors of o/((-140)/(-4716)) + (-16)/(-28)?
13
Let j(n) = n**2 + 6*n - 13. Suppose -f = -3*z - 3, 0 = -0*f - f + 4*z + 7. What are the prime factors of j(f)?
2, 7
Let h(g) = -5*g**3 - 3*g**2 + 9*g - 1. List the prime factors of h(-5).
2, 3, 7
Let z(u) = 276*u + 589. List the prime factors of z(6).
5, 449
Suppose 4*m + 0*m + 132 = 0. Let b = m - -36. Suppose -4*p + 43 = -b*h, 0*p - 3*p + 36 = -3*h. What are the prime factors of p?
7
Let d be (-2)/8 + (-49)/(-4). Let h = 28 + -31. Let v = h + d. What are the prime factors of v?
3
Suppose 0 = -8*a + 15*a - 3654. What are the prime factors of a?
2, 3, 29
Let x(p) = -p**2 + 8*p + 4. Let w be x(8). Suppose w*j = -5*g + 16, -2*g - j = 2*g - 4. Suppose g = b - 8 - 29. What are the prime factors of b?
37
Suppose -704*l = -702*l - 302. List the prime factors of l.
151
Let i = -48 - 63. Let r = -63 - i. Let o = r - -10. What are the prime factors of o?
2, 29
Let p(i) = i**3 + 14*i**2 + 9*i - 1. What are the prime factors of p(11)?
3, 347
Let w = 2259 + -1175. What are the prime factors of w?
2, 271
Suppose -28*i = -929 - 17131. List the prime factors of i.
3, 5, 43
Let m = 328 - 322. What are the prime factors of m?
2, 3
Let u(b) = -b**2 + 39. Let y be u(-6). Suppose -5*p - 553 = -7*q + y*q, -683 = -5*q - 2*p. List the prime factors of q.
137
Suppose 1 = 2*m - v, v + v - 6 = 0. Suppose 0 = m*u - u - 75. What are the prime factors of u?
3, 5
Let b be (-1)/(-4 - 66/(-16)). Let p = b + 12. Suppose -5*a = 5*h - 150, a - p*a = 4*h - 90. What are the prime factors of a?
2, 3, 5
Suppose -7*q - 6 = -6*q. Let s(v) = -v - 2. Let u be s(q). What are the prime factors of u*-4*15/(-20)?
2, 3
Suppose -49 = 19*q - 26*q. What are the prime factors of q?
7
Suppose 5*z = -4*f + 2183, 0 = 98*z - 97*z - 5*f - 425. List the prime factors 